 divided by 65.
50
What is the remainder when 91 is divided by 7?
0
What is the remainder when 211 is divided by 206?
5
Calculate the remainder when 288 is divided by 15.
3
Calculate the remainder when 449 is divided by 210.
29
What is the remainder when 495 is divided by 168?
159
What is the remainder when 899 is divided by 267?
98
What is the remainder when 132 is divided by 36?
24
Calculate the remainder when 172 is divided by 52.
16
What is the remainder when 4 is divided by 1?
0
What is the remainder when 7664 is divided by 13?
7
What is the remainder when 367 is divided by 93?
88
Calculate the remainder when 663 is divided by 29.
25
Calculate the remainder when 3526 is divided by 3521.
5
Calculate the remainder when 926 is divided by 457.
12
Calculate the remainder when 231 is divided by 29.
28
What is the remainder when 3926 is divided by 262?
258
What is the remainder when 889 is divided by 752?
137
What is the remainder when 867 is divided by 62?
61
Calculate the remainder when 491 is divided by 19.
16
What is the remainder when 12472 is divided by 99?
97
Calculate the remainder when 9348 is divided by 85.
83
Calculate the remainder when 896 is divided by 75.
71
Calculate the remainder when 164 is divided by 40.
4
What is the remainder when 267 is divided by 13?
7
Calculate the remainder when 1546 is divided by 17.
16
What is the remainder when 128 is divided by 8?
0
Calculate the remainder when 3197 is divided by 285.
62
Calculate the remainder when 285 is divided by 26.
25
Calculate the remainder when 1177 is divided by 387.
16
Calculate the remainder when 5296 is divided by 19.
14
What is the remainder when 83 is divided by 25?
8
What is the remainder when 38 is divided by 30?
8
What is the remainder when 73 is divided by 41?
32
Calculate the remainder when 19303 is divided by 8.
7
Calculate the remainder when 1655 is divided by 23.
22
Calculate the remainder when 132 is divided by 46.
40
Calculate the remainder when 8 is divided by 5.
3
Calculate the remainder when 600 is divided by 75.
0
What is the remainder when 45 is divided by 27?
18
Calculate the remainder when 506 is divided by 140.
86
Calculate the remainder when 496 is divided by 161.
13
Calculate the remainder when 6865 is divided by 3429.
7
Calculate the remainder when 73 is divided by 5.
3
Calculate the remainder when 23 is divided by 13.
10
What is the remainder when 93 is divided by 8?
5
Calculate the remainder when 9519 is divided by 28.
27
Calculate the remainder when 84 is divided by 45.
39
Calculate the remainder when 879 is divided by 55.
54
Calculate the remainder when 322 is divided by 321.
1
Calculate the remainder when 1330 is divided by 31.
28
What is the remainder when 43 is divided by 2?
1
Calculate the remainder when 868 is divided by 29.
27
What is the remainder when 834 is divided by 31?
28
Calculate the remainder when 269 is divided by 27.
26
Calculate the remainder when 473 is divided by 123.
104
What is the remainder when 195 is divided by 33?
30
Calculate the remainder when 404 is divided by 108.
80
Calculate the remainder when 592 is divided by 65.
7
What is the remainder when 165 is divided by 87?
78
Calculate the remainder when 305 is divided by 76.
1
What is the remainder when 26719 is divided by 62?
59
Calculate the remainder when 2286 is divided by 66.
42
What is the remainder when 3517 is divided by 10?
7
Calculate the remainder when 1491 is divided by 17.
12
What is the remainder when 189 is divided by 25?
14
Calculate the remainder when 51 is divided by 19.
13
Calculate the remainder when 687 is divided by 13.
11
What is the remainder when 1143 is divided by 11?
10
What is the remainder when 439 is divided by 32?
23
What is the remainder when 80 is divided by 75?
5
What is the remainder when 215 is divided by 20?
15
Calculate the remainder when 2006 is divided by 167.
2
What is the remainder when 4588 is divided by 34?
32
What is the remainder when 458 is divided by 11?
7
Calculate the remainder when 18130 is divided by 93.
88
Calculate the remainder when 129 is divided by 13.
12
What is the remainder when 160 is divided by 43?
31
Calculate the remainder when 1419 is divided by 1419.
0
What is the remainder when 101 is divided by 46?
9
Calculate the remainder when 3844 is divided by 3826.
18
What is the remainder when 417 is divided by 127?
36
What is the remainder when 20 is divided by 7?
6
What is the remainder when 404 is divided by 45?
44
Calculate the remainder when 66 is divided by 36.
30
What is the remainder when 1655 is divided by 61?
8
Calculate the remainder when 2911 is divided by 13.
12
What is the remainder when 1025 is divided by 146?
3
What is the remainder when 451 is divided by 60?
31
What is the remainder when 371 is divided by 75?
71
What is the remainder when 159 is divided by 18?
15
Calculate the remainder when 49 is divided by 18.
13
What is the remainder when 168 is divided by 75?
18
What is the remainder when 350 is divided by 59?
55
Calculate the remainder when 25 is divided by 10.
5
What is the remainder when 1175 is divided by 387?
14
What is the remainder when 304 is divided by 34?
32
Calculate the remainder when 84 is divided by 41.
2
Calculate the remainder when 529 is divided by 19.
16
What is the remainder when 2802 is divided by 20?
2
Calculate the remainder when 712 is divided by 39.
10
Calculate the remainder when 1784 is divided by 85.
84
What is the remainder when 4099 is divided by 1366?
1
What is the remainder when 293 is divided by 100?
93
Calculate the remainder when 7490 is divided by 27.
11
Calculate the remainder when 499 is divided by 70.
9
What is the remainder when 303 is divided by 17?
14
What is the remainder when 156 is divided by 43?
27
Calculate the remainder when 157 is divided by 40.
37
Calculate the remainder when 218 is divided by 23.
11
Calculate the remainder when 1979 is divided by 66.
65
Calculate the remainder when 2412 is divided by 115.
112
What is the remainder when 2701 is divided by 130?
101
Calculate the remainder when 320 is divided by 116.
88
Calculate the remainder when 209 is divided by 90.
29
What is the remainder when 1590 is divided by 21?
15
Calculate the remainder when 11709 is divided by 122.
119
Calculate the remainder when 1929 is divided by 12.
9
Calculate the remainder when 27 is divided by 3.
0
Calculate the remainder when 4435 is divided by 153.
151
What is the remainder when 907 is divided by 443?
21
Calculate the remainder when 4817 is divided by 13.
7
Calculate the remainder when 435 is divided by 138.
21
Calculate the remainder when 21 is divided by 10.
1
Calculate the remainder when 1437 is divided by 120.
117
What is the remainder when 31 is divided by 27?
4
What is the remainder when 235 is divided by 101?
33
Calculate the remainder when 78 is divided by 25.
3
Calculate the remainder when 581 is divided by 188.
17
What is the remainder when 10 is divided by 5?
0
Calculate the remainder when 11465 is divided by 14.
13
What is the remainder when 90 is divided by 19?
14
What is the remainder when 258 is divided by 65?
63
What is the remainder when 1717 is divided by 42?
37
What is the remainder when 30 is divided by 2?
0
Calculate the remainder when 234 is divided by 115.
4
What is the remainder when 132 is divided by 15?
12
Calculate the remainder when 315 is divided by 40.
35
What is the remainder when 523 is divided by 25?
23
What is the remainder when 2 is divided by 2?
0
What is the remainder when 5477 is divided by 63?
59
Calculate the remainder when 12768 is divided by 297.
294
What is the remainder when 2467 is divided by 191?
175
What is the remainder when 596 is divided by 5?
1
Calculate the remainder when 183 is divided by 46.
45
What is the remainder when 35 is divided by 18?
17
What is the remainder when 140 is divided by 18?
14
Calculate the remainder when 687 is divided by 172.
171
Calculate the remainder when 369 is divided by 95.
84
Calculate the remainder when 5628 is divided by 161.
154
What is the remainder when 1164 is divided by 152?
100
Calculate the remainder when 152 is divided by 51.
50
Calculate the remainder when 1253 is divided by 8.
5
What is the remainder when 35 is divided by 19?
16
Calculate the remainder when 1545 